{"id":7358,"date":"2024-01-29T14:52:31","date_gmt":"2024-01-29T13:52:31","guid":{"rendered":"https:\/\/malgorzatawojtyczka.pl\/?page_id=7358"},"modified":"2026-01-07T14:21:32","modified_gmt":"2026-01-07T13:21:32","slug":"formularz-zamowienia-voucher","status":"publish","type":"page","link":"https:\/\/malgorzatawojtyczka.pl\/index.php\/formularz-zamowienia-voucher\/","title":{"rendered":"Formularz zam\u00f3wienia &#8211; voucher"},"content":{"rendered":"<div  class=\"one withsmallpadding ppb_header \" style=\"text-align:center;padding:30px 0 30px 0;\" >\n<div class=\"standard_wrapper\">\n<div class=\"page_content_wrapper\">\n<div class=\"inner\">\n<div style=\"margin:auto;width:100%\">\n<div class=\"ppb_subtitle\" style=\"\">voucher na sesj\u0119 <\/div>\n<h2 class=\"ppb_title\" style=\"\">Formularz zam\u00f3wienia<\/h2>\n<\/div>\n<\/div>\n<\/div>\n<\/div>\n<\/div>\n<div  class=\"one withsmallpadding ppb_text\" style=\"padding:30px 0 30px 0;\" >\n<div class=\"standard_wrapper\">\n<div class=\"page_content_wrapper\">\n<div class=\"inner\">\n<div style=\"margin:auto;width:100%\">\n<div class=\"wpforms-container wpforms-container-full\" id=\"wpforms-7346\">\n<form id=\"wpforms-form-7346\" class=\"wpforms-validate wpforms-form wpforms-ajax-form\" data-formid=\"7346\" method=\"post\" enctype=\"multipart\/form-data\" action=\"\/wp-admin\/post.php\" data-token=\"b1700c60ece17d3882966277f5d3b130\" data-token-time=\"1767792092\"><noscript class=\"wpforms-error-noscript\">Aby wype\u0142ni\u0107 ten formularz, w\u0142\u0105cz obs\u0142ug\u0119 JavaScript w przegl\u0105darce.<\/noscript><\/p>\n<div class=\"wpforms-field-container\">\n<div id=\"wpforms-7346-field_1-container\" class=\"wpforms-field wpforms-field-select wpforms-field-select-style-modern\" data-field-id=\"1\"><label class=\"wpforms-field-label\" for=\"wpforms-7346-field_1\">Wybierz rodzaj sesji i pakiet  <span class=\"wpforms-required-label\">*<\/span><\/label><select id=\"wpforms-7346-field_1\" class=\"wpforms-field-medium wpforms-field-required choicesjs-select\" data-size-class=\"wpforms-field-row wpforms-field-medium\" data-search-enabled=\"\" name=\"wpforms[fields][1]\" required=\"required\"><option value=\"\" class=\"placeholder\" disabled  selected='selected'><\/option><option value=\"Sesja wizerunkowa \/ pakiet 1 - 650 z\u0142\"  class=\"choice-1 depth-1\"  >Sesja wizerunkowa \/ pakiet 1 &#8211; 650 z\u0142<\/option><option value=\"Sesja wizerunkowa \/ pakiet 2 - 1200 z\u0142\"  class=\"choice-2 depth-1\"  >Sesja wizerunkowa \/ pakiet 2 &#8211; 1200 z\u0142<\/option><option value=\"Sesja livestyle \/ pakiet 1 &quot;wrotycz - 600 z\u0142\"  class=\"choice-3 depth-1\"  >Sesja livestyle \/ pakiet 1 &#8222;wrotycz &#8211; 600 z\u0142<\/option><option value=\"Sesja livestyle \/ pakiet 2 &quot;mak polny&quot; - 850 z\u0142\"  class=\"choice-4 depth-1\"  >Sesja livestyle \/ pakiet 2 &#8222;mak polny&#8221; &#8211; 850 z\u0142<\/option><option value=\"Sesja livestyle \/ pakiet 3 &quot;dzika r\u00f3\u017cna&quot; z personalizowanym pude\u0142kiem w pakiecie - 1500 z\u0142\"  class=\"choice-5 depth-1\"  >Sesja livestyle \/ pakiet 3 &#8222;dzika r\u00f3\u017cna&#8221; z personalizowanym pude\u0142kiem w pakiecie &#8211; 1500 z\u0142<\/option><\/select><\/div>\n<div id=\"wpforms-7346-field_2-container\" class=\"wpforms-field wpforms-field-text\" data-field-id=\"2\"><label class=\"wpforms-field-label\" for=\"wpforms-7346-field_2\">Wpisz imi\u0119 i nazwisko osoby dla kt\u00f3rej przeznaczony jest voucher <span class=\"wpforms-required-label\">*<\/span><\/label><input type=\"text\" id=\"wpforms-7346-field_2\" class=\"wpforms-field-medium wpforms-field-required\" name=\"wpforms[fields][2]\" required><\/div>\n<div id=\"wpforms-7346-field_15-container\" class=\"wpforms-field wpforms-field-text\" data-field-id=\"15\"><label class=\"wpforms-field-label\" for=\"wpforms-7346-field_15\">Podaj sw\u00f3j adres e-mail <span class=\"wpforms-required-label\">*<\/span><\/label><input type=\"text\" id=\"wpforms-7346-field_15\" class=\"wpforms-field-medium wpforms-field-required\" name=\"wpforms[fields][15]\" required><\/div>\n<div id=\"wpforms-7346-field_16-container\" class=\"wpforms-field wpforms-field-text\" data-field-id=\"16\"><label class=\"wpforms-field-label\" for=\"wpforms-7346-field_16\">Imi\u0119 i nazwisko osoby zamawiaj\u0105cej <span class=\"wpforms-required-label\">*<\/span><\/label><input type=\"text\" id=\"wpforms-7346-field_16\" class=\"wpforms-field-medium wpforms-field-required\" name=\"wpforms[fields][16]\" required><\/div>\n<div id=\"wpforms-7346-field_3-container\" class=\"wpforms-field wpforms-field-text\" data-field-id=\"3\"><label class=\"wpforms-field-label\" for=\"wpforms-7346-field_3\">Uwagi do zam\u00f3wienia (opcjonalnie)<\/label><input type=\"text\" id=\"wpforms-7346-field_3\" class=\"wpforms-field-medium\" name=\"wpforms[fields][3]\" ><\/div>\n<div id=\"wpforms-7346-field_8-container\" class=\"wpforms-field wpforms-field-checkbox\" data-field-id=\"8\"><label class=\"wpforms-field-label\">Personalizowane pude\u0142ko na zdj\u0119cia (*opcja dodatkowa)<\/label><\/p>\n<ul id=\"wpforms-7346-field_8\">\n<li class=\"choice-1 depth-1\"><input type=\"checkbox\" id=\"wpforms-7346-field_8_1\" name=\"wpforms[fields][8][]\" value=\"Zamawiam pakiet &quot;dzika r\u00f3\u017ca&quot; - pude\u0142ko jest ju\u017c w pakiecie\"  ><label class=\"wpforms-field-label-inline\" for=\"wpforms-7346-field_8_1\">Zamawiam pakiet &#8222;dzika r\u00f3\u017ca&#8221; &#8211; pude\u0142ko jest ju\u017c w pakiecie<\/label><\/li>\n<li class=\"choice-2 depth-1\"><input type=\"checkbox\" id=\"wpforms-7346-field_8_2\" name=\"wpforms[fields][8][]\" value=\"Zamawiam personalizowane pude\u0142ko na zdj\u0119cia - 185 z\u0142\"  ><label class=\"wpforms-field-label-inline\" for=\"wpforms-7346-field_8_2\">Zamawiam personalizowane pude\u0142ko na zdj\u0119cia &#8211; 185 z\u0142<\/label><\/li>\n<li class=\"choice-3 depth-1\"><input type=\"checkbox\" id=\"wpforms-7346-field_8_3\" name=\"wpforms[fields][8][]\" value=\"Bez pude\u0142ka\"  ><label class=\"wpforms-field-label-inline\" for=\"wpforms-7346-field_8_3\">Bez pude\u0142ka<\/label><\/li>\n<\/ul>\n<div class=\"wpforms-field-description\">Pude\u0142ko domy\u015blnie jest w rozmiarze 13&#215;18 cm (je\u015bli wolisz inny rozmiar, napisz mi o tym w uwagach do zam\u00f3wienia).<\/div>\n<\/div>\n<div id=\"wpforms-7346-field_9-container\" class=\"wpforms-field wpforms-field-checkbox wpforms-list-inline\" data-field-id=\"9\"><label class=\"wpforms-field-label\">*Wybierz g\u0142\u0119boko\u015b\u0107 pude\u0142ka<\/label><\/p>\n<ul id=\"wpforms-7346-field_9\">\n<li class=\"choice-1 depth-1\"><input type=\"checkbox\" id=\"wpforms-7346-field_9_1\" name=\"wpforms[fields][9][]\" value=\"15 mm (mie\u015bci ok. 50 zdj\u0119\u0107)\"  ><label class=\"wpforms-field-label-inline\" for=\"wpforms-7346-field_9_1\">15 mm (mie\u015bci ok. 50 zdj\u0119\u0107)<\/label><\/li>\n<li class=\"choice-2 depth-1\"><input type=\"checkbox\" id=\"wpforms-7346-field_9_2\" name=\"wpforms[fields][9][]\" value=\"28 mm (mie\u015bci ok. 95 zdj\u0119\u0107)\"  ><label class=\"wpforms-field-label-inline\" for=\"wpforms-7346-field_9_2\">28 mm (mie\u015bci ok. 95 zdj\u0119\u0107)<\/label><\/li>\n<li class=\"choice-3 depth-1\"><input type=\"checkbox\" id=\"wpforms-7346-field_9_3\" name=\"wpforms[fields][9][]\" value=\"42 mm (mie\u015bci ok. 135 zdj\u0119\u0107)\"  ><label class=\"wpforms-field-label-inline\" for=\"wpforms-7346-field_9_3\">42 mm (mie\u015bci ok. 135 zdj\u0119\u0107)<\/label><\/li>\n<\/ul>\n<\/div>\n<div id=\"wpforms-7346-field_10-container\" class=\"wpforms-field wpforms-field-select wpforms-field-select-style-classic\" data-field-id=\"10\"><label class=\"wpforms-field-label\" for=\"wpforms-7346-field_10\">*Wybierz materia\u0142 okleiny i kolor pude\u0142ka<\/label><select id=\"wpforms-7346-field_10\" class=\"wpforms-field-small\" name=\"wpforms[fields][10]\"><option value=\"P\u0142\u00f3tno C-10\"  class=\"choice-1 depth-1\"  >P\u0142\u00f3tno C-10<\/option><option value=\"P\u0142\u00f3tno C-11\"  class=\"choice-2 depth-1\"  >P\u0142\u00f3tno C-11<\/option><option value=\"P\u0142\u00f3tno C-12\"  class=\"choice-3 depth-1\"  >P\u0142\u00f3tno C-12<\/option><option value=\"P\u0142\u00f3tno C-17\"  class=\"choice-4 depth-1\"  >P\u0142\u00f3tno C-17<\/option><option value=\"P\u0142\u00f3tno C-20\"  class=\"choice-5 depth-1\"  >P\u0142\u00f3tno C-20<\/option><option value=\"P\u0142\u00f3tno C-22\"  class=\"choice-6 depth-1\"  >P\u0142\u00f3tno C-22<\/option><option value=\"P\u0142\u00f3tno C-26\"  class=\"choice-7 depth-1\"  >P\u0142\u00f3tno C-26<\/option><option value=\"P\u0142\u00f3tno C-28\"  class=\"choice-8 depth-1\"  >P\u0142\u00f3tno C-28<\/option><option value=\"P\u0142\u00f3tno C-29\"  class=\"choice-9 depth-1\"  >P\u0142\u00f3tno C-29<\/option><option value=\"P\u0142\u00f3tno C-30\"  class=\"choice-10 depth-1\"  >P\u0142\u00f3tno C-30<\/option><option value=\"P\u0142\u00f3tno C-31\"  class=\"choice-11 depth-1\"  >P\u0142\u00f3tno C-31<\/option><option value=\"P\u0142\u00f3tno C-32\"  class=\"choice-12 depth-1\"  >P\u0142\u00f3tno C-32<\/option><option value=\"P\u0142\u00f3tno C-33\"  class=\"choice-13 depth-1\"  >P\u0142\u00f3tno C-33<\/option><option value=\"P\u0142\u00f3tno C-41\"  class=\"choice-14 depth-1\"  >P\u0142\u00f3tno C-41<\/option><option value=\"P\u0142\u00f3tno C-42\"  class=\"choice-15 depth-1\"  >P\u0142\u00f3tno C-42<\/option><option value=\"P\u0142\u00f3tno C-43\"  class=\"choice-16 depth-1\"  >P\u0142\u00f3tno C-43<\/option><option value=\"P\u0142\u00f3tno C-44\"  class=\"choice-17 depth-1\"  >P\u0142\u00f3tno C-44<\/option><option value=\"P\u0142\u00f3tno C-45\"  class=\"choice-18 depth-1\"  >P\u0142\u00f3tno C-45<\/option><option value=\"P\u0142\u00f3tno C-46\"  class=\"choice-19 depth-1\"  >P\u0142\u00f3tno C-46<\/option><option value=\"P\u0142\u00f3tno C-47\"  class=\"choice-20 depth-1\"  >P\u0142\u00f3tno C-47<\/option><option value=\"Welur  W60 + C30\"  class=\"choice-21 depth-1\"  >Welur  W60 + C30<\/option><option value=\"Welur  W61 + C33\"  class=\"choice-22 depth-1\"  >Welur  W61 + C33<\/option><option value=\"Welur  W62 + C42\"  class=\"choice-23 depth-1\"  >Welur  W62 + C42<\/option><option value=\"Welur  W63 + C44\"  class=\"choice-24 depth-1\"  >Welur  W63 + C44<\/option><option value=\"Welur  W64 + C43\"  class=\"choice-25 depth-1\"  >Welur  W64 + C43<\/option><option value=\"Welur  W65 + C10\"  class=\"choice-26 depth-1\"  >Welur  W65 + C10<\/option><option value=\"Welur  W66 + C46\"  class=\"choice-27 depth-1\"  >Welur  W66 + C46<\/option><option value=\"Welur  W67 + C17\"  class=\"choice-28 depth-1\"  >Welur  W67 + C17<\/option><option value=\"Welur  W70 + C45\"  class=\"choice-29 depth-1\"  >Welur  W70 + C45<\/option><option value=\"Welur  W71 + C42\"  class=\"choice-30 depth-1\"  >Welur  W71 + C42<\/option><option value=\"Welur  W73 + C47\"  class=\"choice-31 depth-1\"  >Welur  W73 + C47<\/option><\/select><\/div>\n<div id=\"wpforms-7346-field_11-container\" class=\"wpforms-field wpforms-field-select wpforms-field-select-style-classic\" data-field-id=\"11\"><label class=\"wpforms-field-label\" for=\"wpforms-7346-field_11\">*Wybierz kolor dekielka<\/label><select id=\"wpforms-7346-field_11\" class=\"wpforms-field-small\" name=\"wpforms[fields][11]\"><option value=\"102\"  class=\"choice-1 depth-1\"  >102<\/option><option value=\"103\"  class=\"choice-2 depth-1\"  >103<\/option><option value=\"104\"  class=\"choice-3 depth-1\"  >104<\/option><option value=\"105\"  class=\"choice-4 depth-1\"  >105<\/option><option value=\"106\"  class=\"choice-5 depth-1\"  >106<\/option><\/select><\/div>\n<div id=\"wpforms-7346-field_13-container\" class=\"wpforms-field wpforms-field-text\" data-field-id=\"13\"><label class=\"wpforms-field-label\" for=\"wpforms-7346-field_13\">*Wpisz numer wzoru ze wzornika <\/label><input type=\"text\" id=\"wpforms-7346-field_13\" class=\"wpforms-field-small\" name=\"wpforms[fields][13]\" ><\/p>\n<div class=\"wpforms-field-description\">Je\u017celi zamawiasz projekt osobisty (spoza wzornika + 50 z\u0142 ), napisz mi o tym w uwagach do zam\u00f3wienia.<\/div>\n<\/div>\n<div id=\"wpforms-7346-field_14-container\" class=\"wpforms-field wpforms-field-checkbox wpforms-list-inline\" data-field-id=\"14\"><label class=\"wpforms-field-label\">*Wybierz spos\u00f3b naniesienia wzoru <\/label><\/p>\n<ul id=\"wpforms-7346-field_14\">\n<li class=\"choice-1 depth-1\"><input type=\"checkbox\" id=\"wpforms-7346-field_14_1\" name=\"wpforms[fields][14][]\" value=\"Grawer\"  ><label class=\"wpforms-field-label-inline\" for=\"wpforms-7346-field_14_1\">Grawer<\/label><\/li>\n<li class=\"choice-2 depth-1\"><input type=\"checkbox\" id=\"wpforms-7346-field_14_2\" name=\"wpforms[fields][14][]\" value=\"Nadruk\"  ><label class=\"wpforms-field-label-inline\" for=\"wpforms-7346-field_14_2\">Nadruk<\/label><\/li>\n<\/ul>\n<div class=\"wpforms-field-description\">*Na jasnych p\u0142\u00f3tnach mo\u017cliwy jest wy\u0142\u0105cznie nadruk \/ na czarnym p\u0142\u00f3tnie wy\u0142\u0105cznie grawer.<\/div>\n<\/div>\n<div id=\"wpforms-7346-field_17-container\" class=\"wpforms-field wpforms-field-checkbox\" data-field-id=\"17\"><label class=\"wpforms-field-label\">Zaznacz <span class=\"wpforms-required-label\">*<\/span><\/label><\/p>\n<ul id=\"wpforms-7346-field_17\" class=\"wpforms-field-required\">\n<li class=\"choice-1 depth-1\"><input type=\"checkbox\" id=\"wpforms-7346-field_17_1\" name=\"wpforms[fields][17][]\" value=\"Korzystaj\u0105c z formularza wyra\u017casz zgod\u0119 na przechowywanie i przetwarzanie Twoich danych osobowych przez t\u0119 witryn\u0119. Wi\u0119cej informacji na ten temat znajdziesz w polityce prywatno\u015bci strony.\" required ><label class=\"wpforms-field-label-inline\" for=\"wpforms-7346-field_17_1\">Korzystaj\u0105c z formularza wyra\u017casz zgod\u0119 na przechowywanie i przetwarzanie Twoich danych osobowych przez t\u0119 witryn\u0119. Wi\u0119cej informacji na ten temat znajdziesz w polityce prywatno\u015bci strony.<\/label><\/li>\n<\/ul>\n<\/div>\n<\/div>\n<p><!-- .wpforms-field-container --><\/p>\n<div class=\"wpforms-submit-container\" ><input type=\"hidden\" name=\"wpforms[id]\" value=\"7346\">\t\t\t<input\n\t\t\t\ttype=\"hidden\"\n\t\t\t\tname=\"wpforms[nonce]\"\n\t\t\t\tvalue=\"285b17607c\"\n\t\t\t\/><br \/>\n\t\t\t<input type=\"hidden\" name=\"page_title\" value=\"\"><input type=\"hidden\" name=\"page_url\" value=\"https:\/\/malgorzatawojtyczka.pl\/wp-admin\/post.php\"><input type=\"hidden\" name=\"url_referer\" value=\"\/wp-admin\/post.php?post=7358&#038;action=edit\"><button type=\"submit\" name=\"wpforms[submit]\" id=\"wpforms-submit-7346\" class=\"wpforms-submit\" data-alt-text=\"Wysy\u0142anie...\" data-submit-text=\"Prze\u015blij zam\u00f3wienie\" aria-live=\"assertive\" value=\"wpforms-submit\">Prze\u015blij zam\u00f3wienie<\/button><img loading=\"lazy\" decoding=\"async\" src=\"https:\/\/malgorzatawojtyczka.pl\/wp-content\/plugins\/wpforms-lite\/assets\/images\/submit-spin.svg\" class=\"wpforms-submit-spinner\" style=\"display: none;\" width=\"26\" height=\"26\" alt=\"Wczytywanie\"><\/div>\n<\/form>\n<\/div>\n<p>  <!-- .wpforms-container -->\n<\/div>\n<\/div>\n<\/div>\n<\/div>\n<\/div>\n<div  class=\"one withsmallpadding ppb_text\" style=\"padding:30px 0 30px 0;\" >\n<div class=\"standard_wrapper\">\n<div class=\"page_content_wrapper\">\n<div class=\"inner\">\n<div style=\"margin:auto;width:100%\">\n<p>Je\u017celi w ci\u0105gu nast\u0119pnego dnia nie otrzymasz ode mnie wiadomo\u015bci zwrotnej, mo\u017ce to oznacza\u0107 awari\u0119 formularza.<\/p>\n<p>Napisz wtedy do mnie na e-mail: <strong>kontakt@malgorzatawojtyczka.pl<\/strong><\/p>\n<\/div>\n<\/div>\n<\/div>\n<\/div>\n<\/div>\n<div class=\"divider one\">&nbsp;<\/div>\n","protected":false},"excerpt":{"rendered":"","protected":false},"author":1,"featured_media":0,"parent":0,"menu_order":0,"comment_status":"closed","ping_status":"closed","template":"","meta":{"_monsterinsights_skip_tracking":false,"_monsterinsights_sitenote_active":false,"_monsterinsights_sitenote_note":"","_monsterinsights_sitenote_category":0,"footnotes":""},"aioseo_notices":[],"_links":{"self":[{"href":"https:\/\/malgorzatawojtyczka.pl\/index.php\/wp-json\/wp\/v2\/pages\/7358"}],"collection":[{"href":"https:\/\/malgorzatawojtyczka.pl\/index.php\/wp-json\/wp\/v2\/pages"}],"about":[{"href":"https:\/\/malgorzatawojtyczka.pl\/index.php\/wp-json\/wp\/v2\/types\/page"}],"author":[{"embeddable":true,"href":"https:\/\/malgorzatawojtyczka.pl\/index.php\/wp-json\/wp\/v2\/users\/1"}],"replies":[{"embeddable":true,"href":"https:\/\/malgorzatawojtyczka.pl\/index.php\/wp-json\/wp\/v2\/comments?post=7358"}],"version-history":[{"count":4,"href":"https:\/\/malgorzatawojtyczka.pl\/index.php\/wp-json\/wp\/v2\/pages\/7358\/revisions"}],"predecessor-version":[{"id":7671,"href":"https:\/\/malgorzatawojtyczka.pl\/index.php\/wp-json\/wp\/v2\/pages\/7358\/revisions\/7671"}],"wp:attachment":[{"href":"https:\/\/malgorzatawojtyczka.pl\/index.php\/wp-json\/wp\/v2\/media?parent=7358"}],"curies":[{"name":"wp","href":"https:\/\/api.w.org\/{rel}","templated":true}]}}