{"id":7713,"date":"2026-01-20T14:00:59","date_gmt":"2026-01-20T13:00:59","guid":{"rendered":"https:\/\/malgorzatawojtyczka.pl\/?page_id=7713"},"modified":"2026-01-20T14:00:59","modified_gmt":"2026-01-20T13:00:59","slug":"badania-medyczne","status":"publish","type":"page","link":"https:\/\/malgorzatawojtyczka.pl\/index.php\/badania-medyczne\/","title":{"rendered":"Badania medyczne"},"content":{"rendered":"<div  class=\"one withsmallpadding ppb_text\" style=\"padding:30px 0 30px 0;\" >\n<div class=\"standard_wrapper\">\n<div class=\"page_content_wrapper\">\n<div class=\"inner\">\n<div style=\"margin:auto;width:80%\">\n<h2 style=\"text-align: center;\">Badania<\/h2>\n<p>\u00a0<\/p>\n<p><span style=\"text-decoration: underline;\">Podstawowy zestaw bada\u0144<\/span> do wykonania przed konsultacj\u0105, o kt\u00f3ry najprawdopodobniej Ci\u0119 poprosz\u0119:<\/p>\n<p><strong>\u27ba Badania krwi <\/strong>\u2013 morfologia z biochemi\u0105 i jonogramem<br \/>\n<strong>\u27ba badanie moczu <\/strong>wraz mikroskopow\u0105 ocen\u0105 osadu, ci\u0119\u017caru w\u0142a\u015bciwego i PH moczu (metod\u0105 liczbow\u0105)<br \/>\n<strong>\u27ba kontrola stomatologiczna <\/strong>(sprawdzenie, czy nie ma stan\u00f3w zapalnych w jamie ustnej)<br \/>\n<strong>\u27ba kontrola gruczo\u0142\u00f3w oko\u0142oodbytowych<\/strong><\/p>\n<p>W przypadku poszczeg\u00f3lnych problem\u00f3w behawioralnych mog\u0105 pojawi\u0107 si\u0119 dodatkowe badania, kt\u00f3re b\u0119dzie trzeba wykona\u0107.<\/p>\n<hr \/>\n<p>\u00a0<\/p>\n<p style=\"text-align: center;\">Poni\u017cej znajduje si\u0119 lista <strong>przyk\u0142ad\u00f3w bada\u0144, kt\u00f3re s\u0105 szczeg\u00f3lnie istotne<\/strong> przy wskazanych problemach.<\/p>\n<p>\u00a0<\/p>\n<p><strong>Urynacja poza kuwet\u0105:<\/strong><br \/>\n&#8211; badanie moczu wraz mikroskopow\u0105 ocen\u0105 osadu, ci\u0119\u017caru w\u0142a\u015bciwego i PH moczu (metod\u0105 liczbow\u0105)<\/p>\n<p><strong>Defekacja poza kuwet\u0105:<\/strong><br \/>\n&#8211; badanie ka\u0142u w kierunku paso\u017cyt\u00f3w wew.<br \/>\n&#8211; kontrola gruczo\u0142\u00f3w oko\u0142oodbytowych<\/p>\n<p><strong>Zachowania agresywne:<\/strong><br \/>\n&#8211; badania hormon\u00f3w tarczycy (T4, TSH)<br \/>\n&#8211; kontrola stomatologiczna, ocena staw\u00f3w<br \/>\n&#8211; badanie moczu wraz mikroskopow\u0105 ocen\u0105 osadu, ci\u0119\u017caru w\u0142a\u015bciwego i PH moczu (metod\u0105 liczbow\u0105)<\/p>\n<p>Pod\u0142o\u017ce b\u00f3lowe ( w takim przypadku zach. agresywne jest form\u0105 obrony i roz\u0142adowaniem stresu) \u2013 bole\u0107 mo\u017ce wszystko. Od uszkodzenia pazura po rzeczy, kt\u00f3rych nie wida\u0107 na pierwszy rzut oka. Dlatego tutaj tak bardzo liczy si\u0119 te\u017c twoja obserwacja wszelkich, nawet niewielkich odchyle\u0144 w zachowaniu Twojego kota. Zmiana codziennych aktywno\u015bci, sposobu poruszania si\u0119, korzystania z kuwety, jedzenia, zachowania po jedzeniu (np. wymioty, pozycja wskazuj\u0105ca na b\u00f3l brzucha), zmiany w piel\u0119gnacji futra, reakcji na dotyk (np. unikanie dotykania konkretnych miejsc, kt\u00f3re wcze\u015bniej by\u0142y ok, agresywne zachowanie przy zbyt d\u0142ugim g\u0142askaniu) itp.<\/p>\n<p><strong>Zachowania l\u0119kowe\/ apatia \/ izolowanie si\u0119<\/strong> \u2013 tutaj podobnie jak przy zachowaniach agresywnych, warto wykluczy\u0107 pod\u0142o\u017ce b\u00f3lowe. Niekt\u00f3ry koty na b\u00f3l b\u0119d\u0105 reagowa\u0107 obronnie &#8211; agresywnie, inne mog\u0105 si\u0119 chowa\u0107, unika\u0107 kontaktu, mie\u0107 obni\u017cony pr\u00f3g reakcji l\u0119kowej.<\/p>\n<p>&#8211; badanie moczu wraz mikroskopow\u0105 ocen\u0105 osadu, ci\u0119\u017caru w\u0142a\u015bciwego i PH moczu (metod\u0105 liczbow\u0105)<br \/>\n&#8211; kontrola stomatologiczna<br \/>\n&#8211; badanie hormon\u00f3w tarczycy (T4, TSH)<\/p>\n<p><strong>Kompulsywne wylizywanie si\u0119 \/ wygryzanie sier\u015bci \/ nadmierne drapanie si\u0119 etc.<\/strong><br \/>\n&#8211; ocena dermatologiczna<br \/>\n&#8211; poziom cukru we krwi (glukoza, fruktozamina)<br \/>\n&#8211; badanie moczu wraz mikroskopow\u0105 ocen\u0105 osadu, ci\u0119\u017caru w\u0142a\u015bciwego i PH moczu (metod\u0105 liczbow\u0105)<\/p>\n<p>\u00a0<\/p>\n<p>\u00a0<\/p>\n<p>\u00a0<\/p>\n<p>\u00a0<\/p>\n<\/div>\n<\/div>\n<\/div>\n<\/div>\n<\/div>\n","protected":false},"excerpt":{"rendered":"","protected":false},"author":1,"featured_media":0,"parent":0,"menu_order":0,"comment_status":"closed","ping_status":"closed","template":"","meta":{"_monsterinsights_skip_tracking":false,"_monsterinsights_sitenote_active":false,"_monsterinsights_sitenote_note":"","_monsterinsights_sitenote_category":0,"footnotes":""},"aioseo_notices":[],"_links":{"self":[{"href":"https:\/\/malgorzatawojtyczka.pl\/index.php\/wp-json\/wp\/v2\/pages\/7713"}],"collection":[{"href":"https:\/\/malgorzatawojtyczka.pl\/index.php\/wp-json\/wp\/v2\/pages"}],"about":[{"href":"https:\/\/malgorzatawojtyczka.pl\/index.php\/wp-json\/wp\/v2\/types\/page"}],"author":[{"embeddable":true,"href":"https:\/\/malgorzatawojtyczka.pl\/index.php\/wp-json\/wp\/v2\/users\/1"}],"replies":[{"embeddable":true,"href":"https:\/\/malgorzatawojtyczka.pl\/index.php\/wp-json\/wp\/v2\/comments?post=7713"}],"version-history":[{"count":2,"href":"https:\/\/malgorzatawojtyczka.pl\/index.php\/wp-json\/wp\/v2\/pages\/7713\/revisions"}],"predecessor-version":[{"id":7717,"href":"https:\/\/malgorzatawojtyczka.pl\/index.php\/wp-json\/wp\/v2\/pages\/7713\/revisions\/7717"}],"wp:attachment":[{"href":"https:\/\/malgorzatawojtyczka.pl\/index.php\/wp-json\/wp\/v2\/media?parent=7713"}],"curies":[{"name":"wp","href":"https:\/\/api.w.org\/{rel}","templated":true}]}}